ens digit of x(-5)?
3
Let k(y) = 0 - 13 + 4*y - 6 - 24*y. What is the units digit of k(-30)?
1
Let n(f) = -f**2 - 2*f + 9*f - 22 - 23*f + 2*f. Let z be n(-12). Suppose b - 33 - z = 0. What is the units digit of b?
5
Suppose -144 = 6*v - 18*v. What is the tens digit of -1*2/v - (-9870)/36?
7
Let d(o) = -513*o - 4148. What is the thousands digit of d(-37)?
4
Let n be (-10)/((3/9)/(5/15)). Let j(q) = -q**2 - 10*q + 2. Let i be j(n). Suppose -i*s - 2*o = -4*o - 200, o = -3*s + 316. What is the hundreds digit of s?
1
Let w = 159 + 377. Let j = -135 + w. What is the units digit of j?
1
Suppose 0*r = 2*n - r - 11, 2*r = -5*n + 50. Suppose -4*t + 3*a = t - 50, 4*a = -4*t + n. Suppose -3*u + 300 = t*u. What is the units digit of u?
0
Let t(i) = i**2 - 2*i - 20. Let b = 287 - 275. What is the units digit of t(b)?
0
Suppose -b = -301 + 2203. Let p = -1114 - b. What is the hundreds digit of p?
7
Let y(k) be the third derivative of k**5/30 + 3*k**4/8 - 7*k**3/2 + 19*k**2. Let f be y(-15). Let m = -42 + f. What is the hundreds digit of m?
2
Let h be 41024/72 - 4/(-18). Suppose -2*n = 2*y - 566, 2*y = 3*n - n - h. What is the units digit of n?
4
Let m be ((-36)/10)/((-12)/540). Let k = -35 - 74. Let r = k + m. What is the units digit of r?
3
Suppose z + 4*c - 93 = 0, -6*z + 2*c - 330 = -10*z. Suppose 0 = o + z - 575. What is the units digit of o?
4
Let c be 11/((-99)/(-6))*(0 + 3). Suppose 0 = c*k - a - 1107, -1249 - 980 = -4*k - a. What is the hundreds digit of k?
5
Suppose 3*n + 0*n = -3*n. Suppose n = v - 3*v + 2184. Suppose 13*k - v = 7*k. What is the tens digit of k?
8
Let c(b) be the second derivative of b**5/20 + 11*b**4/12 - 7*b**3/6 + 4*b**2 + 15*b. Let y be c(-9). Let l = -113 + y. What is the hundreds digit of l?
1
Let u(q) = q**2 - 51. Let c be u(-8). Let j(o) = -9 - 9 - 9 + 9*o. What is the units digit of j(c)?
0
Let s(d) = -d**2 - d. Suppose -15*t = -16*t + 5. Let y be s(t). What is the units digit of (-78)/y - (-2)/5?
3
Let f(y) = 18*y**3 + 15*y**2 - 135*y + 5. What is the tens digit of f(6)?
2
Let s(w) = -329*w + 157. What is the ten thousands digit of s(-47)?
1
Let x = -122 + 98. What is the units digit of (-83)/3*(-27 - x)?
3
Suppose 0 = -11*y - 10*y + 105. Suppose -4*t + 4139 = y*m, -6*t + 3*t + 2484 = 3*m. What is the tens digit of m?
2
Let j(p) = 94*p**2 + 3. Let t be j(3). Suppose -12*n + t = -11295. What is the thousands digit of n?
1
What is the units digit of (0 - (-21913)/136)/(3/24)?
9
Suppose 4 = 5*b - 36. Let m be 1*((-12)/(-4) - 0). Suppose 2*k = -p + 36, -m*k - b*p + 6*p = -54. What is the units digit of k?
8
Let w be (-12)/(-22) + (-2000)/440. What is the hundreds digit of (-419)/w*(31 + -27)?
4
Let h(t) = 6*t - 30. Let r(j) = j - 2*j**2 + 782 - 772 + 13*j. Let d be r(7). What is the tens digit of h(d)?
3
Let z(c) = c**2 - c - 33. Suppose -8*r - 5 + 53 = 0. Let y be z(r). What is the tens digit of (6/(-2))/((-6)/100) - y?
5
Suppose 7774*i + 265558 = 7797*i. What is the ten thousands digit of i?
1
Suppose -111 = -t - 107. Suppose 3960 = t*k + 8*k. What is the units digit of k?
0
Let d(b) = -b**3 + 4*b**2 + 2*b + 2694. What is the tens digit of d(0)?
9
Suppose 5*o = 4*g - 0*o - 33, 23 = -g - 5*o. Let t be -14*3/(-6) - 8/g. Suppose 4*q - 552 = -4*u, 5*q + 2*u = t*u + 696. What is the hundreds digit of q?
1
Let y(p) = 17*p + 6. Let c(i) = -2*i**3 + 12*i**2 + 2*i. Let m = 91 + -85. Let u be c(m). What is the units digit of y(u)?
0
Let i = 37191 - 16414. What is the ten thousands digit of i?
2
Let q be (2/3)/(1/(-6)). What is the units digit of -5 + -3 + (-1333 - q)/(-3)?
5
Let m = 83 - 31. Suppose -3*i + m = 298. Let q = i - -121. What is the tens digit of q?
3
Let v = -49259 + 101959. What is the hundreds digit of v?
7
Suppose 10*q - 44 = -24. Suppose -2641 = -q*a - 17*a. What is the units digit of a?
9
Let v = -165 + 165. Suppose v = 6*n - 364 - 4364. What is the tens digit of n?
8
Suppose -h - 14*h = -15. What is the hundreds digit of -279*(h - 2) - 0?
2
Suppose 107525 = 3*q + 5*h, -9*q + 4*q - h = -179201. What is the units digit of q?
0
What is the thousands digit of 0 + 1/(-2) + (-113925)/(-50) + 25?
2
Let r = -46217 - -65579. What is the ten thousands digit of r?
1
Let v = 42 - -16. Let d = v - -326. Suppose -h = -t - t - 133, 3*h - t = d. What is the tens digit of h?
2
Let u(f) = 9*f - 31. Let i(v) = v**2 - 11*v + 22. Let x be i(9). Suppose 4*o - y = -o + 45, x*o - 3*y - 47 = 0. What is the units digit of u(o)?
1
Suppose -11*x + 7*x = -168. Suppose 6*t + 18 = x. Suppose -4*r - 455 - 373 = -t*p, 5*p - 1027 = -3*r. What is the tens digit of p?
0
Let k = -140 + 183. Suppose -2*z - 5*l = 45, -2*z - 4*l - 42 = -0. Let i = k - z. What is the tens digit of i?
5
Suppose 37*j - 22439 = -5*d + 34*j, 0 = 7*d - 4*j - 31390. What is the units digit of d?
6
Suppose 8*u - 42616 = -4*r, 12498 = 5*r + 5*u - 40812. What is the tens digit of r?
7
Suppose -5*l = -132 + 402. Let m be 1/6 + (-261)/l. Suppose m*i - 161 - 84 = 0. What is the tens digit of i?
4
Suppose -4*i - 106668 = -18*i + 10*i. What is the ten thousands digit of i?
2
Let l be (-1362)/(-8) + (-10)/40. Suppose 3*h = 2*b + 496, -h + 8*b = 5*b - l. What is the tens digit of h?
6
Let b = 1587 - 791. Suppose x - 2*w = 396, 0 = 2*x - 3*w + w - b. What is the hundreds digit of x?
4
Let q = -35 - -38. Suppose q*c = -f + 2, 2*c - 3*c - 2*f + 4 = 0. Let u(v) = 6*v + 78. What is the tens digit of u(c)?
7
Suppose -5*c = -111 - 59. Let k = -33 + 19. Let b = k + c. What is the tens digit of b?
2
Let t = -107 - -109. Suppose 4*i + t*w - 3062 = 0, -9*i = -4*i - w - 3845. What is the units digit of i?
8
Let b(a) = -12*a - 58. Let u be b(-3). Let r = u - -298. What is the tens digit of r?
7
Suppose 0 = -28*p + 17523 + 18122 + 132971. What is the hundreds digit of p?
0
Let g be -1 - (-2 - 0) - (0 - 2). Suppose 538 = g*t + 4*q, -2*q + 878 = t + 4*t. Suppose 0*l + t = 2*l + 5*j, 0 = -5*j. What is the units digit of l?
7
Let v = 34479 + 24215. What is the ten thousands digit of v?
5
Suppose 2*n = -4, -21*p + 25*p + 2*n - 140200 = 0. What is the units digit of p?
1
Let g be (4/(-2))/(-1*(-5 + 6)). Suppose -2*j = -c + g*c - 98, -3*j = -3*c + 267. Let q = c - 70. What is the tens digit of q?
2
Suppose 5*k = 4*j - 9, -6*j + 2*k - 2 = -10*j. What is the hundreds digit of (4 - 462)*((-4)/(-8) - j)?
2
Suppose 2*q = 5*o + 9479, 0 = -14*q + 10*q + 5*o + 18963. What is the thousands digit of q?
4
Let m(j) = -20*j**2 - j + 2 + 35*j**2 + 31*j**2 + 5*j. Let d be m(-1). Suppose c - d - 33 = 0. What is the tens digit of c?
7
What is the units digit of (-4)/(-12)*9931 + (5 - 208/48)?
1
Let y(d) = -7*d - 17. Let m be y(-3). Suppose 4*l = m*w + 3 - 11, 2*l + 10 = 4*w. Suppose -43 = -t - x, 108 + 50 = 4*t - w*x. What is the units digit of t?
1
Let f(g) = 2*g**2 + g - 2. Let x be f(-2). Suppose -6 = -2*o + x. Suppose 5*d - 20 = 0, -6 = -3*z + o*d + 10. What is the tens digit of z?
1
Let c be 7/3 + (-2)/(3*2). Let m = -24 - -45. Suppose 5*v = s + v - 51, -s = c*v - m. What is the units digit of s?
1
Let i(r) = 2*r**3 + 3*r**2 - 6. Let b(f) = -4*f**3 - 7*f**2 - f + 14. Let z(d) = 4*b(d) + 9*i(d). Let p be 5*-1*3/(-5). What is the tens digit of z(p)?
3
Let d(z) = -18 + 3793*z**2 - 3791*z**2 + 75 - 3*z. What is the tens digit of d(8)?
6
Suppose 5*f - 3*y - 1586 = 135, 1044 = 3*f + 2*y. Suppose -3*g = q - 1612 - f, q - 5 = 0. What is the hundreds digit of g?
6
Let o be 48/(-60) + 268/10. Suppose 0 = -x - 28 + o, -4*i + 5406 = 5*x. What is the hundreds digit of i?
3
Suppose 60702 = -2*b - 65*b. Let c = -488 - b. What is the tens digit of c?
1
Let r(t) = 66*t**2 + 116*t + 47. What is the thousands digit of r(8)?
5
What is the hundreds digit of (87/4)/((-705)/(-20680))?
6
Suppose 228*i + 678496 = 256*i. What is the hundreds digit of i?
2
What is the units digit of 20/8*-668*1*(-380)/50?
2
Let l(a) = 852*a + 13. What is the units digit of l(7)?
7
Let d be (18/21)/(5/(-315)*-1). What is the tens digit of ((-234)/d)/(2 - 57/27)?
3
Let r(b) = -b**3 + 16*b**2 + b - 7. Let j be (1/(-2))/(11/(-220)). What is the hundreds digit of r(j)?
6
Let y = -311 - -133. Let t = y + 458. What is the tens digit of t?
8
Let y(g) = g**3 + 10*g**2 - 4*g - 35. Let i be y(-10). What is the units digit of ((-63)/(-14) - i)*-292?
6
Let w(c) = c**2 + 